.
-34
Let f(q) = -q**2 - 3*q - 9. Calculate f(-4).
-13
Let g(b) = -2*b**2 + 17*b + 51. What is g(11)?
-4
Let z(u) = u**3 - 20*u**2 - 4*u - 33. Give z(20).
-113
Let s(h) = -7*h + 6. Give s(4).
-22
Let o(j) = j**3 + 16*j**2 - 14*j + 22. Calculate o(-17).
-29
Let p(j) = 3*j + 10. Determine p(-11).
-23
Let q(d) = d**3 - 2*d**2 - 31*d - 5. Determine q(7).
23
Let l(n) = -n**3 - 9*n**2 - 21*n - 13. Determine l(-4).
-9
Let t(o) = -o**3 - 3*o**2 + 4*o + 1. What is t(-4)?
1
Let r(z) = 12*z - 7. Give r(2).
17
Let q(s) = 6*s - 14. What is q(-7)?
-56
Let p(h) = 7*h - 1. Determine p(1).
6
Let p(t) = t**2 - 5*t - 4. Calculate p(2).
-10
Let o(f) = -f**3 - 2*f**2 + 14*f - 14. Calculate o(1).
-3
Let u(l) = -l**2 - 22*l - 17. Calculate u(-11).
104
Let h(z) = -2*z**2 - 8*z + 2. What is h(-5)?
-8
Let x(m) = m**3 + 7*m**2 - 12*m - 20. What is x(-8)?
12
Let n(j) = 4*j**2 + 9*j. Determine n(-2).
-2
Let k(f) = f**2 + 7*f - 22. Give k(-10).
8
Let h(z) = -11*z - 106. Calculate h(-9).
-7
Let o(j) = j**2 - 5*j - 12. What is o(6)?
-6
Let t(x) = -20*x - 41. What is t(-3)?
19
Let t(n) = -n**2 - 7*n. Determine t(-5).
10
Let j(r) = 4*r**2 - 31*r - 10. What is j(8)?
-2
Let c(p) = -p**3 + 2*p**2 + 2*p - 3. What is c(3)?
-6
Let z(f) = 7*f - 339. Calculate z(50).
11
Let k(s) = 2*s**3 + 3*s**2 + 3*s + 4. What is k(-2)?
-6
Let r(v) = -v**2 + 12*v + 16. Give r(0).
16
Let h(n) = -2*n**3 - 5*n**2 - n + 7. Determine h(-3).
19
Let b(u) = u + 2. What is b(-3)?
-1
Let d(n) = 2*n**2 + 10*n + 7. Give d(-7).
35
Let y(z) = -5*z - 8. Determine y(-8).
32
Let u(g) = -g**3 + 8*g**2 + 2*g + 1. Determine u(8).
17
Let c(w) = -2*w**2 - 29*w - 4. What is c(-15)?
-19
Let p(g) = -2*g**2 + g - 3. Calculate p(3).
-18
Let f(b) = b**2 + 12*b + 35. Give f(-10).
15
Let m(o) = o**2 + 8*o + 24. Determine m(-3).
9
Let b(o) = -o**3 - 7*o**2 + 5*o + 6. What is b(-8)?
30
Let u(p) = -p**3 + 9*p**2 + 6*p + 13. Give u(10).
-27
Let l(x) = -x**2 + 8*x - 31. Give l(5).
-16
Let w(s) = -s**2 - 6*s + 11. Calculate w(-4).
19
Let r(y) = 18*y + 3. Determine r(0).
3
Let z(l) = 2*l + 4. Calculate z(5).
14
Let b(x) = -3*x + 26. Give b(6).
8
Let u(p) = -p**2 + 13*p - 11. Calculate u(13).
-11
Let j(w) = -w**3 + 9*w**2 - 4*w - 22. What is j(7)?
48
Let u(g) = -g - 1. Give u(-6).
5
Let v(m) = m**3 + 21*m**2 - 16*m + 119. Calculate v(-22).
-13
Let c(k) = k**2 - 9. Give c(5).
16
Let c(w) = 2*w**3 - 6*w**2 - 6*w + 6. Calculate c(4).
14
Let j(k) = -k**2 + 7*k + 17. Determine j(8).
9
Let b(c) = -4*c**3 + c**2 - 2*c + 1. Calculate b(1).
-4
Let k(g) = -g**2 + 15*g - 49. Give k(9).
5
Let v(z) = 40*z + 119. Give v(-4).
-41
Let t(a) = 2*a - 1. What is t(2)?
3
Let i(q) = -q**2 - 6*q - 5. Give i(-7).
-12
Let x(f) = f**3 - 6*f**2 + 10*f + 3. What is x(4)?
11
Let b(d) = 44*d + 38. Give b(-1).
-6
Let s(y) = 10*y**2 - y - 1. Calculate s(1).
8
Let j(f) = 4*f**2 + 3*f - 3. What is j(2)?
19
Let j(k) = -5*k - 8. Determine j(-6).
22
Let i(n) = -n**3 + 12*n**2 + 2*n - 15. Calculate i(11).
128
Let x(j) = -2*j**3 + 13*j**2 + 10*j - 6. Give x(7).
15
Let x(u) = 49*u - 1. Determine x(-1).
-50
Let r(m) = -4*m + 46. Calculate r(14).
-10
Let r(w) = w**2 - 6*w + 23. Give r(7).
30
Let q(l) = l**3 - 3*l**2 - 29*l - 12. What is q(-4)?
-8
Let x(z) = 10*z + 7. Give x(1).
17
Let b(a) = -30*a - 2. What is b(1)?
-32
Let s(n) = -2*n**2 + 51*n - 71. Give s(24).
1
Let h(v) = -3*v + 4. Determine h(1).
1
Let s(b) = -b**2 + 8*b + 73. What is s(13)?
8
Let k(u) = -2*u**3 - 11*u**2 + 9*u + 14. Calculate k(-6).
-4
Let k(l) = 15*l - 186. Give k(12).
-6
Let r(o) = -o**2 + o + 17. Give r(6).
-13
Let v(f) = -9*f - 114. Determine v(-13).
3
Let n(p) = p**2 - 13*p - 27. Give n(15).
3
Let d(o) = 3*o + 5. What is d(-8)?
-19
Let x(v) = v**3 + 3*v**2 + 5*v - 3. What is x(-3)?
-18
Let n(w) = w**3 - 8*w**2 - 2*w + 8. Determine n(8).
-8
Let w(x) = -5*x**3 + 2*x**2 - 1. Give w(-1).
6
Let p(i) = -2*i**2 + 7*i + 69. Determine p(8).
-3
Let n(i) = 13*i - 114. Determine n(6).
-36
Let x(v) = -v**3 - 9*v**2 - 5*v - 14. Give x(-8).
-38
Let w(n) = n**2 + 5*n - 3. Determine w(-3).
-9
Let b(k) = k**3 - 5*k**2 + 5*k - 7. What is b(5)?
18
Let t(q) = -3*q**2 + 18*q - 37. Calculate t(5).
-22
Let r(d) = -d**2 + d + 4. What is r(5)?
-16
Let h(v) = -43*v - 95. What is h(-2)?
-9
Let p(j) = -j**2 + 4*j + 3. Determine p(3).
6
Let f(s) = -31*s - 93. Determine f(-3).
0
Let d(g) = -g**2 + 14*g + 23. Give d(14).
23
Let t(i) = -i**3 - 8*i**2 + 10*i + 13. Give t(-9).
4
Let v(c) = -5*c**2 + 3*c. Determine v(2).
-14
Let q(c) = -4*c - 90. Calculate q(-20).
-10
Let g(a) = a**3 + 7*a**2 - 5*a - 59. What is g(-6)?
7
Let i(n) = n**3 - 6*n**2 + 3*n - 5. Give i(6).
13
Let m(z) = -z**2 + 3*z + 5. What is m(5)?
-5
Let o(y) = 68*y + 471. Calculate o(-7).
-5
Let y(j) = j**3 - 12*j**2 + 13*j - 13. What is y(11)?
9
Let n(p) = p**2 - 25*p - 199. Calculate n(31).
-13
Let y(g) = g**3 - 10*g**2 - 10*g + 15. Calculate y(11).
26
Let q(s) = -2*s - 43. What is q(-18)?
-7
Let c(a) = a**2 + 11*a + 13. Determine c(-6).
-17
Let w(c) = -19*c - 700. What is w(-37)?
3
Let u(k) = k**2 - 2*k - 6. Give u(3).
-3
Let k(d) = 8*d + 6. Calculate k(-3).
-18
Let u(v) = -v**3 - v**2 + v. Give u(-2).
2
Let y(v) = v**3 + 11*v**2 + 25*v + 7. Calculate y(-7).
28
Let y(g) = 25*g**2 + 2*g - 1. What is y(1)?
26
Let x(w) = -w**3 + 10*w**2 + 14*w - 28. Determine x(11).
5
Let n(j) = 9*j + 9. Give n(-6).
-45
Let m(j) = -j**3 - 11*j**2 + 12*j + 5. Give m(-12).
5
Let x(y) = y**3 - 7*y**2 + 4*y + 4. Determine x(6).
-8
Let s(r) = -r**3 - 10*r**2 - 13*r + 17. Determine s(-8).
-7
Let n(a) = -12*a - 31. Give n(-3).
5
Let s(d) = -d**3 + 8*d**2 + 14*d + 5. What is s(10)?
-55
Let j(i) = -i**2 - 11*i - 5. Give j(-10).
5
Let x(w) = w**2 + 10*w + 19. Give x(-6).
-5
Let p(b) = -b**3 - 6*b**2 + 6*b - 3. What is p(-7)?
4
Let u(i) = -63*i - 10. What is u(3)?
-199
Let k(j) = 16*j + 77. Give k(-4).
13
Let n(y) = -y**3 - 17*y**2 - 2*y - 21. Determine n(-17).
13
Let n(l) = -74*l + 525. What is n(7)?
7
Let u(k) = -4*k + 10. Determine u(-6).
34
Let h(a) = -10*a. Calculate h(-2).
20
Let f(s) = -2*s + 17. Give f(17).
-17
Let r(o) = o**3 - o - 57. Calculate r(0).
-57
Let v(n) = 30*n + 956. Calculate v(-32).
-4
Let f(a) = -4*a**2 - 4*a - 2. Determine f(-2).
-10
Let h(f) = -f**3 - 8*f**2 - 8*f + 5. What is h(-6)?
-19
Let w(k) = -2*k - 3. Determine w(6).
-15
Let c(w) = -26*w**2 - 6*w + 4. What is c(1)?
-28
Let i(x) = x**3 - 6*x**2 + 3*x + 9. Calculate i(5).
-1
Let v(g) = g**3 + 3. Determine v(0).
3
Let n(b) = 2*b**3 - b**2 - 5*b + 6. What is n(0)?
6
Let d(n) = -n**2 - 12*n - 16. Calculate d(-8).
16
Let m(x) = x**3 - 7*x**2 + 4*x - 14. Calculate m(7).
14
Let a(t) = -t**2 + 13*t + 29. Give a(12).
41
Let g(b) = 20*b + 66. What is g(-3)?
6
Let f(u) = 2*u + 2. Calculate f(3).
8
Let l(s) = s - 14. Calculate l(20).
6
Let x(d) = -2*d**2 + 20*d + 12. Give x(10).
12
Let d(y) = 2*y - 14. What is d(-3)?
-20
Let g(a) = -a**2 + 5. Give g(-5).
-20
Let k(x) = x**2 + 10*x - 13. Give k(7).
106
Let v(h) = h**3 + 5*h**2 + 3. Determine v(-6).
-33
Let b(v) = 4*v**2 - v. Calculate b(-1).
5
Let k(h) = -3*h**2 - 7*h + 2. Give k(-3).
-4
Let w(f) = 8*f + 17. Give w(-2).
1
Let s(d) = 31*d - 308. Give s(11).
33
Let p(x) = x**2 + 23. Calculate p(0).
23
Let c(g) = g**3 + 4*g**2 + 2*g + 3. What is c(-3)?
6
Let g(x) = -8*x - 1. Calculate g(-3).
23
Let f(l) = l**3 - 13*l**2 + 16*l - 51. Determine f(12).
-3
Let f(w) = -w**3 + 5*w**2 - 8*w. What is f(4)?
-16
Let z(h) = h**3 - 3*h**2 - 15*h + 1. Calculate z(6).
19
Let d(r) = -14*r - 23. Determine d(-2).
5
Let j(l) = -l**2 + 57*l + 179. Determine j(-3).
-1
Let i(y) = y**3 + 21*y**2 - 19*y + 46. Give i(-22).
-20
Let i(b) = 2*b + 43. Calculate i(-18).
7
Let y(u) = -7*u**2 + 2*u - 2. Determine y(2).
-26
Let s(p) = -p**3 + 20*p**2 - p + 35. Determine s(20).
15
Let m(n) = n**3 - 26*n**2 - 29*n + 7. Give m(27).
-47
Let b(k) = k**3 - 11*k**2 - 10*k - 3. Give b(12).
21
Let f(h) = -2*h - 26. Calculate f(-13).
0
Let t(s) = -7*s + 370. Determine t(52).
6
Let y(c) = -c**3 - 11*c**2 - c - 6. Calculate y(-11).
5
Let q(s) = -s**2 - 11*s + 14. Give q(-12).
2
Let g(f) = -f**2 + 1. Give g(3).
-8
Let h(k) = 23*k + 176. Calculate h(-9).
-31
Let v(h) = h - 21. Give v(13).
-8
Let w(x) = -x**3 - 13*x**2 + 2*x - 20. Calculate w(-13).
-46
Let n(l) = 3*l - 80. Calculate n(-7).
-101
Let p(t) = -2*t**2 - 3*t - 13.